ate x(b).
3
Suppose -i + 3 = -1. Let q(l) = -7*l**2 + 5*l - 3. Let u(x) = -3*x**2 + 3*x - 1. Let o(c) = -2*q(c) + 5*u(c). What is o(i)?
5
Let q(c) = 2*c**3 + 2*c**2 + 4*c - 1. Let a(d) = -1 + 3*d**3 + 90*d**2 + 4*d - 87*d**2 + 2*d. Let u(r) = 5*a(r) - 7*q(r). Give u(-2).
-6
Let f be (81/(-45) + 3)*(-20)/3. Let l(d) = d**3 + 7*d**2 - 8*d + 4. Calculate l(f).
4
Let q = -109 + 110. Let m(c) = -15*c**2 + c - 1. Calculate m(q).
-15
Let t(k) = -6*k + 3*k - 1 + 2*k + 0. Let d(h) = h**2 - 4*h - 8. Let s(p) = -d(p) + 4*t(p). Give s(3).
-5
Suppose -4*h + 9 = -27. Let a = -3 + h. Let w be (-32)/6 + 2/a. Let l(n) = -n**2 - 5*n. Calculate l(w).
0
Let s(l) = -l**2 - 3*l + 1. Let d = -4 - -3. Suppose 4*u - 2*g + 0*g + 6 = 0, 0 = -4*g - 12. Let y = d + u. Give s(y).
-3
Let o(x) = -5*x + 7. Let p(w) = -6*w + 7. Let g(q) = -5*o(q) + 4*p(q). Calculate g(7).
0
Let y(n) be the first derivative of -n**2/2 - n - 4. What is y(-6)?
5
Let l(w) = w**2 - 2. Let t be l(-2). Let y be (2 + -1 - 0)*t. Let f(j) = -1. Let z(o) = -3*o + 8. Let x(n) = -6*f(n) - z(n). What is x(y)?
4
Let m(a) be the second derivative of a**3/6 + a**2/2 - a. Let l = -104 + 103. Give m(l).
0
Let c(o) = -6*o + 6*o**2 + 10*o - 6*o - 4*o**2 - 2. What is c(2)?
2
Let h(n) be the third derivative of -n**6/15 - n**5/30 - n**4/24 - 41*n**2. What is h(-1)?
7
Suppose 0 = -4*r + 1 - 17. Let w(l) = -l**2. Let h(d) = 6*d**2 + 4*d - 1. Let y be 30/(-4)*(-8)/12. Let j(s) = y*w(s) + h(s). Determine j(r).
-1
Let u = 0 + 2. Suppose 3 = v, 2*c = -c - u*v + 18. Let h(i) = -c*i + i + 3 + 0. What is h(4)?
-9
Let c = -17 + 26. Let r(b) = -2*b + b + 3 + 4 - 1. What is r(c)?
-3
Let m(u) = -5*u**3 - 8*u**2 - 8*u + 7. Let k(j) = 12*j**3 + 15*j**2 + 16*j - 14. Let f(p) = -2*k(p) - 5*m(p). Give f(-9).
2
Let f(t) be the second derivative of t**6/720 + t**5/8 - t**4/12 + 4*t. Let q(p) be the third derivative of f(p). Calculate q(0).
15
Let z(i) be the first derivative of -i**3/3 - 5*i**2/2 - i - 17. Give z(-3).
5
Let v(c) = -c**3 + 3*c**2 + 4*c - 2. Let f = 4 - -1. Suppose g - f = 6*g. Let k be ((-6)/(-4))/(g/(-2)). Determine v(k).
10
Let o(c) be the second derivative of -c**3/3 - c**2/2 + 34*c. Calculate o(4).
-9
Let z(v) = v**2 - v. Let r be z(3). Let l(j) = -2*j + 2. Determine l(r).
-10
Let s(v) = 5*v**2 + 6*v - 14. Let d(o) = 2*o**2 + 2*o - 5. Let t(k) = 17*d(k) - 6*s(k). What is t(-1)?
5
Let a be 0 + 1 + (4 - 2). Let h(b) = -3 + a*b - 2*b + 1 - 2*b. Suppose 2*j + 2*s - 14 = s, 2*j = -2*s + 18. Calculate h(j).
-7
Suppose -4*c - 4 = -2*c. Let r(w) be the second derivative of -1/20*w**5 - 3*w - 1/4*w**4 + w**2 + 0 + 0*w**3. Give r(c).
-2
Let p(s) = -4*s + 2*s - 28 + 27 + s. Determine p(1).
-2
Let z(w) be the first derivative of -w**3/3 - 7*w**2/2 - 7*w + 1. Let m(g) = g**2 + 5*g - 1. Let n be m(-4). Calculate z(n).
3
Let b(a) be the first derivative of -a**5/20 - a**3/3 + a**2/2 - 3*a + 5. Let u(h) be the first derivative of b(h). Calculate u(1).
-2
Let f = -3 - -5. Let s(r) = r - r**f - r**2 + 0*r. Calculate s(2).
-6
Let q(c) = c**2 + 4*c + 2 - 3*c + 0*c. Let h(j) = j**3 - 4*j**2 + 5*j - 4. Let g be h(3). Suppose -5*u + g*u = 0. Give q(u).
2
Let o(i) = -i**3 + 3*i**2 + i + 2. Let w be o(2). Suppose -2*r = -5*g + 19 + 3, 4*r - w = -3*g. Let m(t) = -t**2 + t + 3. Give m(g).
-9
Let a(s) = -3*s. Suppose 0 = -2*b + 3*b - 20. Suppose -4*n = -2*u - b, 5*n = 4*u - u + 26. Determine a(u).
6
Suppose z + 3*h = 2*h + 4, 2*z + 3*h - 10 = 0. Let p(b) = 2*b + 2. Determine p(z).
6
Let y = 14 + -13. Suppose b + y = 3*q - 3, 3 = b + 4*q. Let r(v) = 11*v + 4. Let d(j) = 4*j + 1. Let x(k) = 7*d(k) - 2*r(k). Calculate x(b).
-7
Let j(a) = 8*a**3 - 3*a + 5*a**2 - 2*a**3 - 5*a**3. Let q(r) = 2*r**3 + 10*r**2 - 5*r - 1. Let f(u) = 5*j(u) - 3*q(u). Give f(-5).
3
Let c(t) = t**2 - t - 7. Let w(i) = -5*i**2 + 5*i + 36. Let u(m) = -11*c(m) - 2*w(m). What is u(4)?
-7
Let k(a) = -2*a + 1. Let z(o) = -13*o + 6. Let s(v) = 21*k(v) - 3*z(v). Calculate s(5).
-12
Let m(z) = -2*z + 3. Let v(g) = g - 1. Let q(w) = -m(w) - 3*v(w). Let s(p) = 3*p**2 - 6*p - 1. Let b(k) = -5*q(k) + s(k). Let u = 1 - -1. Give b(u).
9
Let o(b) = -2*b - 6. Suppose -5*m - 5*h = -50, -4*m + 8 = -2*h - 2*h. Suppose -2 = 19*d - 20*d. Let n = d - m. Give o(n).
2
Suppose -2*z + 4*a - 16 = 0, -z - z + 16 = 4*a. Let p(c) be the first derivative of -1/3*c**3 + 2 - 1/2*c**2 - 5*c. What is p(z)?
-5
Let z(b) = -b**2 - 8*b + 3. Let s be z(-8). Let c(t) be the second derivative of -1/3*t**4 + 2/3*t**s - 3*t - 3/2*t**2 + 0 + 1/20*t**5. Give c(3).
0
Let s(t) = -16*t + t**2 + 26*t - 6*t. Suppose -4*v + 6 = -10. Suppose -v*a - 8 = 4. What is s(a)?
-3
Suppose 1 = 4*a + 5. Let l(z) be the first derivative of z**3/3 + z**2 + z + 5. What is l(a)?
0
Let m = 3 + -3. Suppose v + m = 5. Suppose -v*k = -0*k. Let l(w) = w**3 - w - 6. Give l(k).
-6
Let v(b) = -3*b**2 - b - 3. Let s(l) = l**2. Let p(q) = 2*s(q) + v(q). Let x(u) = u**2 + u + 2. Let a(y) = -3*p(y) - 4*x(y). Give a(-2).
-1
Suppose -6*x + x - b = -29, 0 = x - 2*b + 3. Let p(u) = 3*u**2 + 6*u - 5 - 5*u**2 + 0*u**2 + u**2. Calculate p(x).
0
Let l(i) = -i**2 + 10*i - 15. Let h be l(7). Let j(z) = -z - 2. Determine j(h).
-8
Let j(m) be the second derivative of 2*m + 1/2*m**4 + 0*m**3 + 1/2*m**2 + 0. Suppose -4*w - 5 = -1. Calculate j(w).
7
Let u(f) = -f**3 - 3*f**2 + f. Let p(d) = -4*d + 5. Let v be p(2). Determine u(v).
-3
Let s(r) = r. Let t(q) = -q**3 + 2*q**2 - q - 4. Let j(y) = 6*s(y) + t(y). Determine j(3).
2
Suppose 2*i + 2*c = -c - 28, i - 4*c = -3. Let o(k) = k**3 + 12*k**2 + 10*k - 5. Give o(i).
6
Let o(l) be the third derivative of l**6/120 + 2*l**5/15 - l**4/3 - 4*l**3/3 - 2*l**2 + 3. Give o(-9).
-17
Let a(f) = f**2 + 8*f + 16. Let w be a(-6). Let c(t) = -4*t - 5. What is c(w)?
-21
Let c be 68/11 + 2/(-11). Let w be (-9)/c*(-6)/(-9). Let r(x) be the second derivative of x**4/3 + x**3/3 + x**2/2 + x. Give r(w).
3
Let l(n) = n**3 + 6*n**2 + 4*n - 5. Let y be 60/(-18)*(-12)/(-10). Let x(t) = -t**3 - 5*t**2 - 3*t - 1. Let w be x(y). Calculate l(w).
0
Let h(k) = -3*k**2 + 3*k + 5. Let o(d) = -d**2 - d + 1. Suppose 3*r = -j + 6*r - 14, 0 = -j - r + 6. Let v(p) = j*h(p) - 4*o(p). Calculate v(-5).
-9
Let v = -7 - -7. Let c(t) = -2*t - 2. Let u be c(-2). Suppose v*l + u*l = 4. Let a(i) = i**3 - 2*i**2 + i - 2. Give a(l).
0
Let j = 9 - 4. Suppose -j*v + 4*v = 2. Let a(b) = 2 + 3 - 2*b - 2*b - 6. Determine a(v).
7
Let w(d) = d - 1. Let t be w(1). Let x(h) = -3*h**2 - h + 4. Let i be 24/(-15) + (-2)/5. Let u(m) = 4*m**2 + m - 4. Let c(a) = i*u(a) - 3*x(a). Give c(t).
-4
Let i(c) = 14 - c - 19 + 0*c. Determine i(6).
-11
Let x(f) = -4 + 3 + 0*f**2 + 0*f**2 + f**3. Calculate x(0).
-1
Let t(c) = -2*c + 1. Let p be t(-2). Let a(x) be the second derivative of 0 - 1/3*x**4 - x - 2*x**2 - 2/3*x**3 + 1/20*x**5. Determine a(p).
1
Let h(y) = 2*y - 3. Let z = 70 - 46. Let a be 105/z + 6/(-16). Give h(a).
5
Let q(j) = j**3 - 9*j**2 - 9*j - 3. Let x be q(10). Let v(b) = 2*b + 2. Give v(x).
16
Let t(i) be the third derivative of -i**4/8 - i**3 - i**2. Let m(n) = -n - 18. Let w be m(-13). Calculate t(w).
9
Let n(g) = -g**3 + 7*g**2 - g + 6. Suppose -j - j = -14. Let u be n(j). Let a(p) = -6*p - 2 - 3*p + 1 + p. Give a(u).
7
Let v be (-3 + -1)*(-2)/4. Let k(y) = 7*y + 4 - 5*y**2 + y**3 - v - 4*y. Suppose 3*x - 12 = -x. Give k(x).
-7
Suppose 3*s = -0*s. Let f(m) be the third derivative of 1/120*m**6 + 1/6*m**4 + s + 1/15*m**5 - 2*m**2 + 0*m + 1/2*m**3. What is f(-2)?
3
Let l(h) be the first derivative of -4 - 1/2*h**2 + 1/3*h**3 + 3*h + 1/4*h**4. Determine l(0).
3
Suppose -3*w = 4*n + 1 + 3, -w = n. Suppose -w*v = -62 - 10. Suppose -2*p = -2*d - v, d - 3*p + 7 + 12 = 0. Let t(q) = q - 1. Calculate t(d).
-5
Let q(h) be the first derivative of h**2/2 - h - 1. Calculate q(0).
-1
Suppose 0*f = -2*f + 2. Let k = 1 + 8. Let r(x) = k*x - 2*x - 2*x + 1 + 6*x**2 - 7*x. What is r(f)?
5
Suppose -2*w - 3*p = -9, 5*w = p + 5 + 9. Suppose y = -0*y + a + w, 0 = 5*y + 2*a + 20. Let f(r) = 2*r**3 + 2*r**2 - 2*r - 1. Calculate f(y).
-5
Let a(b) = b**2 + 7*b + 4. Let r = 1 - 7. Let t be a(r). Let l(p) = -3*p + p**2 + 6*p - 2 + 3. Determine l(t).
-1
Let w = 7 - 4. Suppose 0*f - w*f - 21 = 0. Let g(s) = s**2 + 7*s - 5. Give g(f).
-5
Let u(z) = 5146*z - 4 - 2*z**2 - 5137*z + 3*z**2. Calcula